{"id":359032,"date":"2025-05-11T11:56:36","date_gmt":"2025-05-11T09:56:36","guid":{"rendered":"https:\/\/hvc.de\/politique-dentreprise\/"},"modified":"2026-03-30T15:04:27","modified_gmt":"2026-03-30T13:04:27","slug":"politique-dentreprise","status":"publish","type":"page","link":"https:\/\/hvc.de\/fr\/politique-dentreprise\/","title":{"rendered":"Politique d&rsquo;entreprise"},"content":{"rendered":"\n<div class=\"et_pb_section_0 et_pb_section et_section_regular et_block_section preset--module--divi-section--default\"><div class=\"et_pb_row_0 et_pb_row et_block_row\"><div class=\"et_pb_column_0 et_pb_column et_pb_column_4_4 et-last-child et_block_column et_pb_css_mix_blend_mode_passthrough\"><div class=\"et_pb_text_0 et_pb_text et_pb_bg_layout_light et_pb_module et_block_module\"><div class=\"et_pb_text_inner\"><p style=\"text-align: center;\"><strong>Notre politique d'entreprise<\/strong><\/p>\n<\/div><\/div><\/div><\/div><\/div><div class=\"et_pb_section_1 et_pb_section et_section_regular et_block_section preset--module--divi-section--default\"><div class=\"et_pb_row_1 et_pb_row et_block_row\"><div class=\"et_pb_column_1 et_pb_column et_pb_column_4_4 et-last-child et_block_column et_pb_css_mix_blend_mode_passthrough\"><div class=\"et_pb_accordion_0 et_pb_accordion et_pb_module et_block_module\"><div class=\"et_pb_accordion_item_0 et_pb_accordion_item et_pb_toggle et_pb_module et_pb_toggle_open et_block_module\"><h5 class=\"et_pb_toggle_title\">Client\u00e8le<\/h5><div class=\"et_pb_toggle_content\"><ul>\n<li><span style=\"color: #000000;\">Les besoins et les exigences de nos clients sont au centre de nos pr\u00e9occupations.<\/span><\/li>\n<li><span style=\"color: #000000;\">En traitant les commandes et en r\u00e9pondant aux questions de mani\u00e8re aimable, rapide et dans les d\u00e9lais, nous \u00e9tablissons des relations fiables et durables avec nos clients.<\/span><\/li>\n<li><span style=\"color: #000000;\">Nous v\u00e9rifions en permanence les exigences de nos clients et mettons en \u0153uvre les mesures qui en d\u00e9coulent dans les meilleurs d\u00e9lais.<\/span><\/li>\n<li><span style=\"color: #000000;\">Nous traitons les r\u00e9clamations et les plaintes de mani\u00e8re rapide, comp\u00e9tente et orient\u00e9e vers le client.<\/span><\/li>\n<li><span style=\"color: #000000;\">Nous encourageons la consommation durable chez nos clients.<\/span><\/li>\n<li><span style=\"color: #000000;\">Nous nous effor\u00e7ons toujours d'am\u00e9liorer continuellement la satisfaction de nos clients.<\/span><\/li>\n<\/ul>\n<\/div><\/div><div class=\"et_pb_accordion_item_1 et_pb_accordion_item et_pb_toggle et_pb_module et_pb_toggle_close et_block_module\"><h5 class=\"et_pb_toggle_title\">Rentabilit\u00e9<\/h5><div class=\"et_pb_toggle_content\"><ul>\n<li>Nous sommes un partenaire fiable pour les clients, les fournisseurs et les prestataires de services.<\/li>\n<li>Gr\u00e2ce \u00e0 des produits de haute qualit\u00e9 et \u00e0 des services fiables, nous obtenons des avantages concurrentiels et favorisons le d\u00e9veloppement de notre entreprise.<\/li>\n<li>Nous nous engageons \u00e0 agir de mani\u00e8re \u00e9conomique.<\/li>\n<li>Nous v\u00e9rifions r\u00e9guli\u00e8rement la rentabilit\u00e9 et l'efficacit\u00e9 de nos processus d'entreprise.<\/li>\n<li>La s\u00e9curit\u00e9 et la protection de toutes les donn\u00e9es dans notre entreprise sont tr\u00e8s importantes pour nous.<\/li>\n<\/ul>\n<\/div><\/div><div class=\"et_pb_accordion_item_2 et_pb_accordion_item et_pb_toggle et_pb_module et_pb_toggle_close et_block_module\"><h5 class=\"et_pb_toggle_title\">Produits &amp; services<\/h5><div class=\"et_pb_toggle_content\"><p><span style=\"color: #000000;\">Nous planifions, g\u00e9rons et surveillons nos activit\u00e9s li\u00e9es \u00e0 la qualit\u00e9 et \u00e0 la s\u00e9curit\u00e9 afin de garantir une qualit\u00e9 maximale.<\/span><\/p>\n<p><span style=\"color: #000000;\">La satisfaction des exigences de nos clients, de nos collaborateurs et des autres parties prenantes est notre priorit\u00e9.<\/span><\/p>\n<p><span style=\"color: #000000;\">Nous \u00e9vitons compl\u00e8tement les erreurs et les r\u00e9parons imm\u00e9diatement si n\u00e9cessaire.<\/span><\/p>\n<p><span style=\"color: #000000;\">Nous consid\u00e9rons les erreurs comme des opportunit\u00e9s d'am\u00e9lioration et de d\u00e9veloppement de notre entreprise.<\/span><\/p>\n<p><span style=\"color: #000000;\">La collaboration interne se caract\u00e9rise par une communication ouverte et une orientation claire vers les objectifs.<\/span><\/p>\n<p><span style=\"color: #000000;\">Les responsabilit\u00e9s et les comp\u00e9tences sont clairement d\u00e9finies afin de garantir une bonne circulation de l'information.<\/span><\/p>\n<p><span style=\"color: #000000;\">Nous respectons toutes les obligations contraignantes.<\/span><\/p>\n<\/div><\/div><div class=\"et_pb_accordion_item_3 et_pb_accordion_item et_pb_toggle et_pb_module et_pb_toggle_close et_block_module\"><h5 class=\"et_pb_toggle_title\">Partenariats<\/h5><div class=\"et_pb_toggle_content\"><ul>\n<li>Nous accordons une grande importance aux partenariats de longue dur\u00e9e et de confiance. Nous voulons conna\u00eetre aussi bien les forces que les faiblesses de nos fournisseurs et prestataires de services. <\/li>\n<li>Nous s\u00e9lectionnons soigneusement &amp; de mani\u00e8re structur\u00e9e les entreprises externes qui travaillent pour nous.<\/li>\n<li>Il est important pour nous que nos fournisseurs et prestataires de services nous ressemblent dans leurs actions. Nous attendons de nos partenaires qu'ils respectent toutes les r\u00e8gles que nous nous imposons. <\/li>\n<li>Nous continuons \u00e0 d\u00e9velopper nos partenaires afin qu'ensemble, nous puissions r\u00e9pondre pleinement aux besoins de nos clients.<\/li>\n<\/ul>\n<\/div><\/div><div class=\"et_pb_accordion_item_4 et_pb_accordion_item et_pb_toggle et_pb_module et_pb_toggle_close et_block_module\"><h5 class=\"et_pb_toggle_title\">Collaborateurs<\/h5><div class=\"et_pb_toggle_content\"><ul>\n<li aria-hidden=\"true\"><span style=\"color: #000000;\">Nous accordons la m\u00eame importance \u00e0 tous nos collaborateurs, ind\u00e9pendamment de leur sexe, de leur position, de leur nationalit\u00e9 ou de leur religion.<\/span><\/li>\n<li><span style=\"color: #000000;\">Nous offrons une r\u00e9mun\u00e9ration \u00e9quitable pour leur travail.<\/span><\/li>\n<li><span style=\"color: #000000;\">Les dispositions l\u00e9gales visant \u00e0 prot\u00e9ger nos collaborateurs sont fondamentales pour nous.<\/span><\/li>\n<li><span style=\"color: #000000;\">La pr\u00e9vention des accidents du travail et la protection de la sant\u00e9 sont des priorit\u00e9s absolues.<\/span><\/li>\n<li><span style=\"color: #000000;\">Nous rempla\u00e7ons les substances dangereuses par des alternatives s\u00fbres lorsque cela est possible.<\/span><\/li>\n<li><span style=\"color: #000000;\">Nos collaborateurs doivent se sentir li\u00e9s \u00e0 l'entreprise.<\/span><\/li>\n<li><span style=\"color: #000000;\">La diversit\u00e9 est importante pour nous, la discrimination et le harc\u00e8lement ne sont pas tol\u00e9rables.<\/span><\/li>\n<li><span style=\"color: #000000;\">L'honn\u00eatet\u00e9 et la confiance sont importantes ; nous luttons r\u00e9solument contre la corruption et les pots-de-vin.<\/span><\/li>\n<li><span style=\"color: #000000;\">Nous mettons \u00e0 disposition tous les outils de travail et l'infrastructure n\u00e9cessaires.<\/span><\/li>\n<li><span style=\"color: #000000;\">un environnement de travail s\u00fbr est essentiel pour la protection de la sant\u00e9 de nos employ\u00e9s.<\/span><\/li>\n<li><span style=\"color: #000000;\">La qualification et la formation continue de nos collaborateurs sont des conditions pr\u00e9alables \u00e0 notre succ\u00e8s.<\/span><\/li>\n<li><span style=\"color: #000000;\">Nous nous effor\u00e7ons en permanence d'am\u00e9liorer notre syst\u00e8me de gestion.<\/span><\/li>\n<\/ul>\n<\/div><\/div><div class=\"et_pb_accordion_item_5 et_pb_accordion_item et_pb_toggle et_pb_module et_pb_toggle_close et_block_module\"><h5 class=\"et_pb_toggle_title\">Environnement<\/h5><div class=\"et_pb_toggle_content\"><ul>\n<li>Nous apportons notre contribution \u00e0 l'att\u00e9nuation du changement climatique et \u00e0 la protection de l'\u00e9cosyst\u00e8me.<\/li>\n<li>La pr\u00e9vention des dommages environnementaux est notre priorit\u00e9 absolue.<\/li>\n<li>En proposant des alternatives plus respectueuses de l'environnement, nous encourageons nos clients \u00e0 adopter un comportement d'achat durable.<\/li>\n<li>Dans le processus d'achat, nous privil\u00e9gions les produits respectueux de l'environnement.<\/li>\n<li>Les pratiques environnementales et de travail de nos fournisseurs sont un crit\u00e8re de s\u00e9lection important.<\/li>\n<li>Nous innovons et am\u00e9liorons nos produits et nos processus afin d'\u00e9conomiser les ressources dans tous les domaines.<\/li>\n<li>Nous utilisons des ressources respectueuses de l'environnement dans la fabrication de nos produits.<\/li>\n<li>Les clients peuvent renvoyer nos suremballages, que nous recyclons de mani\u00e8re appropri\u00e9e.<\/li>\n<\/ul>\n<\/div><\/div><div class=\"et_pb_accordion_item_6 et_pb_accordion_item et_pb_toggle et_pb_module et_pb_toggle_close et_block_module\"><h5 class=\"et_pb_toggle_title\">Normes fondamentales du travail<\/h5><div class=\"et_pb_toggle_content\"><ul>\n<li class=\"noSpacingAbove noSpacingBelow\" data-text-type=\"noSpacing\"><span style=\"color: #000000;\">Nous n'avons pas recours au travail des enfants. Les travailleurs ont plus de 15 ans.   <\/span><\/li>\n<li class=\"noSpacingAbove noSpacingBelow\" data-text-type=\"noSpacing\"><span style=\"color: #000000;\">Les collaborateurs de moins de 18 ans n'effectuent pas de travaux dangereux ou p\u00e9nibles.<\/span><\/li>\n<li><span style=\"color: #000000;\">Les pires formes de travail des enfants ainsi que les travaux forc\u00e9s et obligatoires tels que<\/span><\/li>\n<li style=\"list-style-type: none;\">\n<ul class=\"customListStyle\">\n<li><span style=\"color: #000000;\">violence physique et sexuelle<\/span><\/li>\n<li><span style=\"color: #000000;\">Esclavage pour dettes<\/span><\/li>\n<li><span style=\"color: #000000;\">r\u00e9tention de salaire\/incluant le paiement de taxes de travail et\/ou le paiement d'une caution pour l'acc\u00e8s \u00e0 l'emploi<\/span><\/li>\n<li><span style=\"color: #000000;\">Restriction de la mobilit\u00e9\/de l'agilit\u00e9 du travailleur<\/span><\/li>\n<li><span style=\"color: #000000;\">Retenue du passeport et\/ou des documents d'identit\u00e9<\/span><\/li>\n<li><span style=\"color: #000000;\">menace de d\u00e9nonciation aupr\u00e8s des autorit\u00e9s <\/span><span style=\"color: #000000;\">nous interdisons <br \/><\/span> <\/li>\n<\/ul>\n<\/li>\n<li class=\"noSpacingAbove noSpacingBelow\" data-text-type=\"noSpacing\"><span style=\"color: #000000;\">Toutes les relations de travail sont volontaires et bas\u00e9es sur le consentement mutuel, sans menace de sanction.<\/span><\/li>\n<li class=\"noSpacingAbove noSpacingBelow\" data-text-type=\"noSpacing\"><span style=\"color: #000000;\">Les pratiques en mati\u00e8re d'emploi et de profession ne sont pas discriminatoires.<\/span><\/li>\n<li class=\"noSpacingAbove noSpacingBelow\" data-text-type=\"noSpacing\"><span style=\"color: #000000;\">Tous les employ\u00e9s jouissent de la libert\u00e9 d'association et du droit effectif de n\u00e9gociation collective.<\/span><\/li>\n<li><span style=\"color: #000000;\">Les employ\u00e9s peuvent cr\u00e9er ou rejoindre les organisations de leur choix et \u00e9tablir leurs propres statuts et r\u00e8gles.<\/span><\/li>\n<li><span style=\"color: #000000;\">Avec des repr\u00e9sentants l\u00e9galement constitu\u00e9s et d\u00fbment \u00e9lus, les n\u00e9gociations sont men\u00e9es de bonne foi.<\/span><\/li>\n<li><span style=\"color: #000000;\">Les conventions collectives sont appliqu\u00e9es l\u00e0 o\u00f9 elles existent.<\/span><\/li>\n<li><span style=\"color: #000000;\">Les employ\u00e9s ne font l'objet d'aucune discrimination ou sanction dans l'exercice des droits susmentionn\u00e9s. Le droit \u00e0 la libert\u00e9 d'association et \u00e0 la n\u00e9gociation collective est respect\u00e9. <\/span><\/li>\n<\/ul>\n<\/div><\/div><\/div><\/div><\/div><\/div>\n","protected":false},"excerpt":{"rendered":"","protected":false},"author":1,"featured_media":0,"parent":0,"menu_order":0,"comment_status":"closed","ping_status":"closed","template":"","meta":{"_seopress_robots_primary_cat":"","_seopress_titles_title":"","_seopress_titles_desc":"","_seopress_robots_index":"","inline_featured_image":false,"footnotes":""},"class_list":["post-359032","page","type-page","status-publish","hentry"],"jetpack_sharing_enabled":true,"_links":{"self":[{"href":"https:\/\/hvc.de\/fr\/wp-json\/wp\/v2\/pages\/359032","targetHints":{"allow":["GET"]}}],"collection":[{"href":"https:\/\/hvc.de\/fr\/wp-json\/wp\/v2\/pages"}],"about":[{"href":"https:\/\/hvc.de\/fr\/wp-json\/wp\/v2\/types\/page"}],"author":[{"embeddable":true,"href":"https:\/\/hvc.de\/fr\/wp-json\/wp\/v2\/users\/1"}],"replies":[{"embeddable":true,"href":"https:\/\/hvc.de\/fr\/wp-json\/wp\/v2\/comments?post=359032"}],"version-history":[{"count":3,"href":"https:\/\/hvc.de\/fr\/wp-json\/wp\/v2\/pages\/359032\/revisions"}],"predecessor-version":[{"id":359767,"href":"https:\/\/hvc.de\/fr\/wp-json\/wp\/v2\/pages\/359032\/revisions\/359767"}],"wp:attachment":[{"href":"https:\/\/hvc.de\/fr\/wp-json\/wp\/v2\/media?parent=359032"}],"curies":[{"name":"wp","href":"https:\/\/api.w.org\/{rel}","templated":true}]}}

<div class="et_pb_section_0 et_pb_section et_section_regular et_block_section preset--module--divi-section--default"><div class="et_pb_row_0 et_pb_row et_block_row"><div class="et_pb_column_0 et_pb_column et_pb_column_4_4 et-last-child et_block_column et_pb_css_mix_blend_mode_passthrough"><div class="et_pb_text_0 et_pb_text et_pb_bg_layout_light et_pb_module et_block_module"><div class="et_pb_text_inner"><p style="text-align: center;"><strong>Notre politique d'entreprise</strong></p>
</div></div></div></div></div><div class="et_pb_section_1 et_pb_section et_section_regular et_block_section preset--module--divi-section--default"><div class="et_pb_row_1 et_pb_row et_block_row"><div class="et_pb_column_1 et_pb_column et_pb_column_4_4 et-last-child et_block_column et_pb_css_mix_blend_mode_passthrough"><div class="et_pb_accordion_0 et_pb_accordion et_pb_module et_block_module"><div class="et_pb_accordion_item_0 et_pb_accordion_item et_pb_toggle et_pb_module et_pb_toggle_open et_block_module"><h5 class="et_pb_toggle_title">Clientèle</h5><div class="et_pb_toggle_content"><ul>
<li><span style="color: #000000;">Les besoins et les exigences de nos clients sont au centre de nos préoccupations.</span></li>
<li><span style="color: #000000;">En traitant les commandes et en répondant aux questions de manière aimable, rapide et dans les délais, nous établissons des relations fiables et durables avec nos clients.</span></li>
<li><span style="color: #000000;">Nous vérifions en permanence les exigences de nos clients et mettons en œuvre les mesures qui en découlent dans les meilleurs délais.</span></li>
<li><span style="color: #000000;">Nous traitons les réclamations et les plaintes de manière rapide, compétente et orientée vers le client.</span></li>
<li><span style="color: #000000;">Nous encourageons la consommation durable chez nos clients.</span></li>
<li><span style="color: #000000;">Nous nous efforçons toujours d'améliorer continuellement la satisfaction de nos clients.</span></li>
</ul>
</div></div><div class="et_pb_accordion_item_1 et_pb_accordion_item et_pb_toggle et_pb_module et_pb_toggle_close et_block_module"><h5 class="et_pb_toggle_title">Rentabilité</h5><div class="et_pb_toggle_content"><ul>
<li>Nous sommes un partenaire fiable pour les clients, les fournisseurs et les prestataires de services.</li>
<li>Grâce à des produits de haute qualité et à des services fiables, nous obtenons des avantages concurrentiels et favorisons le développement de notre entreprise.</li>
<li>Nous nous engageons à agir de manière économique.</li>
<li>Nous vérifions régulièrement la rentabilité et l'efficacité de nos processus d'entreprise.</li>
<li>La sécurité et la protection de toutes les données dans notre entreprise sont très importantes pour nous.</li>
</ul>
</div></div><div class="et_pb_accordion_item_2 et_pb_accordion_item et_pb_toggle et_pb_module et_pb_toggle_close et_block_module"><h5 class="et_pb_toggle_title">Produits &amp; services</h5><div class="et_pb_toggle_content"><p><span style="color: #000000;">Nous planifions, gérons et surveillons nos activités liées à la qualité et à la sécurité afin de garantir une qualité maximale.</span></p>
<p><span style="color: #000000;">La satisfaction des exigences de nos clients, de nos collaborateurs et des autres parties prenantes est notre priorité.</span></p>
<p><span style="color: #000000;">Nous évitons complètement les erreurs et les réparons immédiatement si nécessaire.</span></p>
<p><span style="color: #000000;">Nous considérons les erreurs comme des opportunités d'amélioration et de développement de notre entreprise.</span></p>
<p><span style="color: #000000;">La collaboration interne se caractérise par une communication ouverte et une orientation claire vers les objectifs.</span></p>
<p><span style="color: #000000;">Les responsabilités et les compétences sont clairement définies afin de garantir une bonne circulation de l'information.</span></p>
<p><span style="color: #000000;">Nous respectons toutes les obligations contraignantes.</span></p>
</div></div><div class="et_pb_accordion_item_3 et_pb_accordion_item et_pb_toggle et_pb_module et_pb_toggle_close et_block_module"><h5 class="et_pb_toggle_title">Partenariats</h5><div class="et_pb_toggle_content"><ul>
<li>Nous accordons une grande importance aux partenariats de longue durée et de confiance. Nous voulons connaître aussi bien les forces que les faiblesses de nos fournisseurs et prestataires de services. </li>
<li>Nous sélectionnons soigneusement &amp; de manière structurée les entreprises externes qui travaillent pour nous.</li>
<li>Il est important pour nous que nos fournisseurs et prestataires de services nous ressemblent dans leurs actions. Nous attendons de nos partenaires qu'ils respectent toutes les règles que nous nous imposons. </li>
<li>Nous continuons à développer nos partenaires afin qu'ensemble, nous puissions répondre pleinement aux besoins de nos clients.</li>
</ul>
</div></div><div class="et_pb_accordion_item_4 et_pb_accordion_item et_pb_toggle et_pb_module et_pb_toggle_close et_block_module"><h5 class="et_pb_toggle_title">Collaborateurs</h5><div class="et_pb_toggle_content"><ul>
<li aria-hidden="true"><span style="color: #000000;">Nous accordons la même importance à tous nos collaborateurs, indépendamment de leur sexe, de leur position, de leur nationalité ou de leur religion.</span></li>
<li><span style="color: #000000;">Nous offrons une rémunération équitable pour leur travail.</span></li>
<li><span style="color: #000000;">Les dispositions légales visant à protéger nos collaborateurs sont fondamentales pour nous.</span></li>
<li><span style="color: #000000;">La prévention des accidents du travail et la protection de la santé sont des priorités absolues.</span></li>
<li><span style="color: #000000;">Nous remplaçons les substances dangereuses par des alternatives sûres lorsque cela est possible.</span></li>
<li><span style="color: #000000;">Nos collaborateurs doivent se sentir liés à l'entreprise.</span></li>
<li><span style="color: #000000;">La diversité est importante pour nous, la discrimination et le harcèlement ne sont pas tolérables.</span></li>
<li><span style="color: #000000;">L'honnêteté et la confiance sont importantes ; nous luttons résolument contre la corruption et les pots-de-vin.</span></li>
<li><span style="color: #000000;">Nous mettons à disposition tous les outils de travail et l'infrastructure nécessaires.</span></li>
<li><span style="color: #000000;">un environnement de travail sûr est essentiel pour la protection de la santé de nos employés.</span></li>
<li><span style="color: #000000;">La qualification et la formation continue de nos collaborateurs sont des conditions préalables à notre succès.</span></li>
<li><span style="color: #000000;">Nous nous efforçons en permanence d'améliorer notre système de gestion.</span></li>
</ul>
</div></div><div class="et_pb_accordion_item_5 et_pb_accordion_item et_pb_toggle et_pb_module et_pb_toggle_close et_block_module"><h5 class="et_pb_toggle_title">Environnement</h5><div class="et_pb_toggle_content"><ul>
<li>Nous apportons notre contribution à l'atténuation du changement climatique et à la protection de l'écosystème.</li>
<li>La prévention des dommages environnementaux est notre priorité absolue.</li>
<li>En proposant des alternatives plus respectueuses de l'environnement, nous encourageons nos clients à adopter un comportement d'achat durable.</li>
<li>Dans le processus d'achat, nous privilégions les produits respectueux de l'environnement.</li>
<li>Les pratiques environnementales et de travail de nos fournisseurs sont un critère de sélection important.</li>
<li>Nous innovons et améliorons nos produits et nos processus afin d'économiser les ressources dans tous les domaines.</li>
<li>Nous utilisons des ressources respectueuses de l'environnement dans la fabrication de nos produits.</li>
<li>Les clients peuvent renvoyer nos suremballages, que nous recyclons de manière appropriée.</li>
</ul>
</div></div><div class="et_pb_accordion_item_6 et_pb_accordion_item et_pb_toggle et_pb_module et_pb_toggle_close et_block_module"><h5 class="et_pb_toggle_title">Normes fondamentales du travail</h5><div class="et_pb_toggle_content"><ul>
<li class="noSpacingAbove noSpacingBelow" data-text-type="noSpacing"><span style="color: #000000;">Nous n'avons pas recours au travail des enfants. Les travailleurs ont plus de 15 ans.   </span></li>
<li class="noSpacingAbove noSpacingBelow" data-text-type="noSpacing"><span style="color: #000000;">Les collaborateurs de moins de 18 ans n'effectuent pas de travaux dangereux ou pénibles.</span></li>
<li><span style="color: #000000;">Les pires formes de travail des enfants ainsi que les travaux forcés et obligatoires tels que</span></li>
<li style="list-style-type: none;">
<ul class="customListStyle">
<li><span style="color: #000000;">violence physique et sexuelle</span></li>
<li><span style="color: #000000;">Esclavage pour dettes</span></li>
<li><span style="color: #000000;">rétention de salaire/incluant le paiement de taxes de travail et/ou le paiement d'une caution pour l'accès à l'emploi</span></li>
<li><span style="color: #000000;">Restriction de la mobilité/de l'agilité du travailleur</span></li>
<li><span style="color: #000000;">Retenue du passeport et/ou des documents d'identité</span></li>
<li><span style="color: #000000;">menace de dénonciation auprès des autorités </span><span style="color: #000000;">nous interdisons <br /></span> </li>
</ul>
</li>
<li class="noSpacingAbove noSpacingBelow" data-text-type="noSpacing"><span style="color: #000000;">Toutes les relations de travail sont volontaires et basées sur le consentement mutuel, sans menace de sanction.</span></li>
<li class="noSpacingAbove noSpacingBelow" data-text-type="noSpacing"><span style="color: #000000;">Les pratiques en matière d'emploi et de profession ne sont pas discriminatoires.</span></li>
<li class="noSpacingAbove noSpacingBelow" data-text-type="noSpacing"><span style="color: #000000;">Tous les employés jouissent de la liberté d'association et du droit effectif de négociation collective.</span></li>
<li><span style="color: #000000;">Les employés peuvent créer ou rejoindre les organisations de leur choix et établir leurs propres statuts et règles.</span></li>
<li><span style="color: #000000;">Avec des représentants légalement constitués et dûment élus, les négociations sont menées de bonne foi.</span></li>
<li><span style="color: #000000;">Les conventions collectives sont appliquées là où elles existent.</span></li>
<li><span style="color: #000000;">Les employés ne font l'objet d'aucune discrimination ou sanction dans l'exercice des droits susmentionnés. Le droit à la liberté d'association et à la négociation collective est respecté. </span></li>
</ul>
</div></div></div></div></div></div>
