{"id":359115,"date":"2025-05-11T11:57:02","date_gmt":"2025-05-11T09:57:02","guid":{"rendered":"https:\/\/hvc.de\/durabilite\/"},"modified":"2026-03-30T15:04:46","modified_gmt":"2026-03-30T13:04:46","slug":"durabilite","status":"publish","type":"page","link":"https:\/\/hvc.de\/fr\/durabilite\/","title":{"rendered":"Durabilit\u00e9"},"content":{"rendered":"\n<div class=\"et_pb_section_0 et_pb_section et_section_regular et_block_section et_pb_section_parallax preset--module--divi-section--default\"><span class=\"et-pb-parallax-wrapper\"><span class=\"et-pb-parallax-background et-pb-parallax-background--css et-pb-parallax-background-module--divi-section-0\" style=\"background-image:url(https:\/\/www.hvc.de\/de\/wp-content\/uploads\/2022\/10\/IMG_2815.jpeg)\"><\/span><\/span><div class=\"et_pb_row_0 et_pb_row et_block_row\"><div class=\"et_pb_column_0 et_pb_column et_pb_column_4_4 et-last-child et_block_column et_pb_css_mix_blend_mode_passthrough\"><div class=\"et_pb_cta_0 et_pb_promo et_pb_bg_layout_dark et_pb_module et_block_module\"><div class=\"et_pb_promo_description\"><h1 class=\"et_pb_module_header\">Durabilit\u00e9<\/h1><div class=\"et_pb_promo_content\"><h6>Chez nous, cela commence par la tonte de la pelouse.<\/h6>\n<p><span>Comment pouvons-nous agir de mani\u00e8re plus durable en tant qu'entreprise ? Avec les emballages \u00e9cologiques que HvC fabrique, nous permettons \u00e0 nos clients de faire un premier pas vers la durabilit\u00e9. Mais pour aller encore plus loin dans la pr\u00e9servation de notre environnement et la protection du climat, une installation photovolta\u00efque orne nos toits depuis le 10.09.2019 - 818 modules pour \u00eatre pr\u00e9cis !  <\/span><\/p>\n<\/div><\/div><\/div><\/div><\/div><\/div><div class=\"et_pb_section_1 et_pb_section et_section_regular et_block_section preset--module--divi-section--default\"><div class=\"et_pb_row_1 et_pb_row et_block_row\"><div class=\"et_pb_column_1 et_pb_column et_pb_column_4_4 et-last-child et_block_column et_pb_css_mix_blend_mode_passthrough\"><div class=\"et_pb_text_0 et_pb_text et_pb_bg_layout_light et_pb_module et_block_module\"><div class=\"et_pb_text_inner\" data-et-mv-hidden-tablet=\"true\" data-et-mv-hidden-phone=\"true\"><h2 style=\"text-align: center;\">Emballage respectueux de l'environnement<\/h2>\n<p style=\"text-align: left;\">Pour la fabrication de mat\u00e9riaux d'emballage en carton, nous prenons notre responsabilit\u00e9 sociale et \u00e9cologique tr\u00e8s au s\u00e9rieux.<span> <\/span><strong>C'est pourquoi nous veillons de plus en plus \u00e0 l'\u00e9cocompatibilit\u00e9 de nos produits<\/strong><span> <\/span>(utilisation de mat\u00e9riaux recycl\u00e9s pour la plupart), nous pensons toujours aux aspects \u00e9cologiques et nous nous penchons quotidiennement sur cette th\u00e9matique.<\/p>\n<p>En tant qu'entreprise industrielle, nous sommes conscients de notre responsabilit\u00e9 et travaillons en permanence avec nos fournisseurs partenaires pour am\u00e9liorer notre bilan environnemental ann\u00e9e apr\u00e8s ann\u00e9e (par ex. r\u00e9duction des besoins en \u00e9nergie, etc.), afin de pr\u00e9server notre nature.  <\/p>\n<p><a title=\"Bo\u00eetes pliantes en carton compact\" href=\"https:\/\/www.hvc.de\/de\/kartonagen\/faltschachteln\/\">Les bo\u00eetes pliantes<\/a><span> <\/span>en carton compact font partie des emballages industriels les plus respectueux de l'environnement au monde, car la mati\u00e8re premi\u00e8re, une fois trait\u00e9e, est recyclable.<\/p>\n<p>En outre, nous avons mis en \u0153uvre les mesures suivantes :<\/p>\n<ol>\n<li>\n<p><span style=\"color: #000000;\"><strong>\u00c9clairage LED :<\/strong> afin de r\u00e9duire notre consommation d'\u00e9nergie, nous avons d\u00e9j\u00e0 \u00e9quip\u00e9 l'ensemble de notre entreprise d'un \u00e9clairage LED \u00e0 haute efficacit\u00e9 \u00e9nerg\u00e9tique depuis 2013. Cette option d'\u00e9clairage se caract\u00e9rise par une consommation d'\u00e9nergie nettement plus faible et contribue ainsi \u00e0 la r\u00e9duction des \u00e9missions de CO2. <\/span><\/p>\n<p>&nbsp;<\/p>\n<\/li>\n<li>\n<p><span style=\"color: #000000;\"><strong>Installation solaire :<\/strong> en 2019, nous avons install\u00e9 une installation solaire de plus de 800 modules sur le toit de notre entreprise afin de couvrir une partie de nos besoins en \u00e9lectricit\u00e9 \u00e0 partir d'\u00e9nergies renouvelables. Gr\u00e2ce \u00e0 cette mesure, nous avons pu r\u00e9duire consid\u00e9rablement nos \u00e9missions de CO2 tout en diminuant notre d\u00e9pendance aux combustibles fossiles. <\/span><\/p>\n<p>&nbsp;<\/p>\n<\/li>\n<li>\n<p><span style=\"color: #000000;\"><strong>Produits de nettoyage respectueux de l'environnement :<\/strong> dans nos processus de production, nous utilisons uniquement des produits de nettoyage respectueux de l'environnement. Ces produits sont biod\u00e9gradables et ont un impact moindre sur l'environnement. Nous minimisons ainsi la pollution de l'eau et du sol par des produits chimiques nocifs.  <\/span><\/p>\n<p>&nbsp;<\/p>\n<\/li>\n<li>\n<p><span style=\"color: #000000;\"><strong>R\u00e9cup\u00e9ration de chaleur :<\/strong> pour minimiser le gaspillage d'\u00e9nergie, nous utilisons un syst\u00e8me de r\u00e9cup\u00e9ration de chaleur qui utilise l'\u00e9nergie thermique lib\u00e9r\u00e9e par certains processus et la r\u00e9utilise dans notre b\u00e2timent \u00e0 des fins de chauffage. Il en r\u00e9sulte une consommation d'\u00e9nergie plus efficace et une r\u00e9duction de nos \u00e9missions de CO2. <\/span><\/p>\n<p>&nbsp;<\/p>\n<\/li>\n<li>\n<p><span style=\"color: #000000;\"><strong>Plaques d'impression offset sans processus :<\/strong> Dans le cadre de notre production d'impression, nous sommes pass\u00e9s \u00e0 des plaques offset sans processus. Les plaques d'impression offset sans processus ne n\u00e9cessitent aucun processus de d\u00e9veloppement chimique et r\u00e9duisent donc consid\u00e9rablement la consommation de produits chimiques. Ce changement nous a permis non seulement de r\u00e9duire notre impact sur l'environnement, mais aussi de diminuer notre consommation d'eau et d'\u00e9nergie.  <\/span><\/p>\n<\/li>\n<\/ol>\n<div>\n<p><span style=\"color: #000000;\">Toutes ces mesures s'inscrivent dans notre volont\u00e9 de minimiser notre empreinte carbone et de rendre notre activit\u00e9 durable. En mettant en \u0153uvre ces pratiques respectueuses de l'environnement, nous souhaitons assumer notre responsabilit\u00e9 envers l'environnement et contribuer \u00e0 la protection du climat. <\/span><\/p>\n<\/div>\n<p>&nbsp;<\/p>\n<\/div><\/div><\/div><\/div><\/div><div class=\"et_pb_section_2 et_pb_section et_section_regular et_block_section preset--module--divi-section--default\"><\/div><div class=\"et_pb_section_3 et_pb_section et_section_regular et_block_section preset--module--divi-section--default\"><div class=\"et_pb_row_2 et_pb_row et_block_row\"><div class=\"et_pb_column_2 et_pb_column et_pb_column_4_4 et-last-child et_block_column et_pb_css_mix_blend_mode_passthrough\"><div class=\"et_pb_text_1 et_pb_text et_pb_bg_layout_dark et_pb_module et_block_module\"><div class=\"et_pb_text_inner\"><h3>Ce que disent nos clients<\/h3>\n<\/div><\/div><div class=\"et_pb_testimonial_0 et_pb_testimonial et_pb_testimonial_no_image et_pb_bg_layout_dark et_pb_module et_block_module ally-testimonial\"><div class=\"et_pb_testimonial_inner\"><div class=\"et_pb_testimonial_description\"><div class=\"et_pb_testimonial_description_inner\"><div class=\"et_pb_testimonial_content\"><p><span>\"Nous avons toujours eu l'impression d'\u00eatre des clients d'Hubert von Carnap et nous en sommes tr\u00e8s heureux. Au cours de l'ann\u00e9e 2014, nous sommes pass\u00e9s \u00e0 des commandes sur appel sans commande. Le r\u00e9approvisionnement est g\u00e9r\u00e9 par Hubert von Carnap et cela fonctionne parfaitement ! En fin de compte, nous n'entrons en contact que lorsque quelque chose ne fonctionne pas, ce qui n'est carr\u00e9ment pas le cas\".   <\/span><\/p>\n<\/div><\/div><div class=\"et_pb_testimonial_meta\"><\/div><\/div><\/div><\/div><\/div><\/div><\/div><div class=\"et_pb_section_4 et_pb_section et_section_regular et_block_section preset--module--divi-section--default\"><div class=\"et_pb_row_3 et_pb_row et_block_row\"><div class=\"et_pb_column_3 et_pb_column et_pb_column_4_4 et-last-child et_block_column et_pb_css_mix_blend_mode_passthrough\"><div class=\"et_pb_text_2 et_pb_text et_pb_bg_layout_light et_pb_module et_block_module et_pb_text_align_center\"><div class=\"et_pb_text_inner\"><h3>Vous avez besoin d'un nouvel emballage ?<\/h3>\n<p><strong class=\"ally-lines\">Parlez-nous<\/strong><\/p>\n<\/div><\/div><div class=\"et_pb_module et_pb_button_module_wrapper et_pb_button_0_wrapper\"><a class=\"et_pb_button_0 et_pb_button et_pb_bg_layout_light et_pb_module et_block_module\" href=\"https:\/\/www.hvc.de\/kontakt\/anfrage\/\">Contact<\/a><\/div><\/div><\/div><\/div>\n","protected":false},"excerpt":{"rendered":"","protected":false},"author":1,"featured_media":0,"parent":0,"menu_order":0,"comment_status":"closed","ping_status":"closed","template":"","meta":{"_seopress_robots_primary_cat":"","_seopress_titles_title":"Durabilit\u00e9 dans l'ensemble de la production","_seopress_titles_desc":"Nous utilisons principalement des mat\u00e9riaux recycl\u00e9s et veillons \u00e0 ce que nos produits et processus soient respectueux de l'environnement.","_seopress_robots_index":"","inline_featured_image":false,"footnotes":""},"class_list":["post-359115","page","type-page","status-publish","hentry"],"jetpack_sharing_enabled":true,"_links":{"self":[{"href":"https:\/\/hvc.de\/fr\/wp-json\/wp\/v2\/pages\/359115","targetHints":{"allow":["GET"]}}],"collection":[{"href":"https:\/\/hvc.de\/fr\/wp-json\/wp\/v2\/pages"}],"about":[{"href":"https:\/\/hvc.de\/fr\/wp-json\/wp\/v2\/types\/page"}],"author":[{"embeddable":true,"href":"https:\/\/hvc.de\/fr\/wp-json\/wp\/v2\/users\/1"}],"replies":[{"embeddable":true,"href":"https:\/\/hvc.de\/fr\/wp-json\/wp\/v2\/comments?post=359115"}],"version-history":[{"count":3,"href":"https:\/\/hvc.de\/fr\/wp-json\/wp\/v2\/pages\/359115\/revisions"}],"predecessor-version":[{"id":359781,"href":"https:\/\/hvc.de\/fr\/wp-json\/wp\/v2\/pages\/359115\/revisions\/359781"}],"wp:attachment":[{"href":"https:\/\/hvc.de\/fr\/wp-json\/wp\/v2\/media?parent=359115"}],"curies":[{"name":"wp","href":"https:\/\/api.w.org\/{rel}","templated":true}]}}

Durabilité

<div class="et_pb_section_0 et_pb_section et_section_regular et_block_section et_pb_section_parallax preset--module--divi-section--default"><span class="et-pb-parallax-wrapper"><span class="et-pb-parallax-background et-pb-parallax-background--css et-pb-parallax-background-module--divi-section-0" style="background-image:url(https://www.hvc.de/de/wp-content/uploads/2022/10/IMG_2815.jpeg)"></span></span><div class="et_pb_row_0 et_pb_row et_block_row"><div class="et_pb_column_0 et_pb_column et_pb_column_4_4 et-last-child et_block_column et_pb_css_mix_blend_mode_passthrough"><div class="et_pb_cta_0 et_pb_promo et_pb_bg_layout_dark et_pb_module et_block_module"><div class="et_pb_promo_description"><h1 class="et_pb_module_header">Durabilité</h1><div class="et_pb_promo_content"><h6>Chez nous, cela commence par la tonte de la pelouse.</h6>
<p><span>Comment pouvons-nous agir de manière plus durable en tant qu'entreprise ? Avec les emballages écologiques que HvC fabrique, nous permettons à nos clients de faire un premier pas vers la durabilité. Mais pour aller encore plus loin dans la préservation de notre environnement et la protection du climat, une installation photovoltaïque orne nos toits depuis le 10.09.2019 - 818 modules pour être précis !  </span></p>
</div></div></div></div></div></div><div class="et_pb_section_1 et_pb_section et_section_regular et_block_section preset--module--divi-section--default"><div class="et_pb_row_1 et_pb_row et_block_row"><div class="et_pb_column_1 et_pb_column et_pb_column_4_4 et-last-child et_block_column et_pb_css_mix_blend_mode_passthrough"><div class="et_pb_text_0 et_pb_text et_pb_bg_layout_light et_pb_module et_block_module"><div class="et_pb_text_inner" data-et-mv-hidden-tablet="true" data-et-mv-hidden-phone="true"><h2 style="text-align: center;">Emballage respectueux de l'environnement</h2>
<p style="text-align: left;">Pour la fabrication de matériaux d'emballage en carton, nous prenons notre responsabilité sociale et écologique très au sérieux.<span> </span><strong>C'est pourquoi nous veillons de plus en plus à l'écocompatibilité de nos produits</strong><span> </span>(utilisation de matériaux recyclés pour la plupart), nous pensons toujours aux aspects écologiques et nous nous penchons quotidiennement sur cette thématique.</p>
<p>En tant qu'entreprise industrielle, nous sommes conscients de notre responsabilité et travaillons en permanence avec nos fournisseurs partenaires pour améliorer notre bilan environnemental année après année (par ex. réduction des besoins en énergie, etc.), afin de préserver notre nature.  </p>
<p><a title="Boîtes pliantes en carton compact" href="https://www.hvc.de/de/kartonagen/faltschachteln/">Les boîtes pliantes</a><span> </span>en carton compact font partie des emballages industriels les plus respectueux de l'environnement au monde, car la matière première, une fois traitée, est recyclable.</p>
<p>En outre, nous avons mis en œuvre les mesures suivantes :</p>
<ol>
<li>
<p><span style="color: #000000;"><strong>Éclairage LED :</strong> afin de réduire notre consommation d'énergie, nous avons déjà équipé l'ensemble de notre entreprise d'un éclairage LED à haute efficacité énergétique depuis 2013. Cette option d'éclairage se caractérise par une consommation d'énergie nettement plus faible et contribue ainsi à la réduction des émissions de CO2. </span></p>
<p>&nbsp;</p>
</li>
<li>
<p><span style="color: #000000;"><strong>Installation solaire :</strong> en 2019, nous avons installé une installation solaire de plus de 800 modules sur le toit de notre entreprise afin de couvrir une partie de nos besoins en électricité à partir d'énergies renouvelables. Grâce à cette mesure, nous avons pu réduire considérablement nos émissions de CO2 tout en diminuant notre dépendance aux combustibles fossiles. </span></p>
<p>&nbsp;</p>
</li>
<li>
<p><span style="color: #000000;"><strong>Produits de nettoyage respectueux de l'environnement :</strong> dans nos processus de production, nous utilisons uniquement des produits de nettoyage respectueux de l'environnement. Ces produits sont biodégradables et ont un impact moindre sur l'environnement. Nous minimisons ainsi la pollution de l'eau et du sol par des produits chimiques nocifs.  </span></p>
<p>&nbsp;</p>
</li>
<li>
<p><span style="color: #000000;"><strong>Récupération de chaleur :</strong> pour minimiser le gaspillage d'énergie, nous utilisons un système de récupération de chaleur qui utilise l'énergie thermique libérée par certains processus et la réutilise dans notre bâtiment à des fins de chauffage. Il en résulte une consommation d'énergie plus efficace et une réduction de nos émissions de CO2. </span></p>
<p>&nbsp;</p>
</li>
<li>
<p><span style="color: #000000;"><strong>Plaques d'impression offset sans processus :</strong> Dans le cadre de notre production d'impression, nous sommes passés à des plaques offset sans processus. Les plaques d'impression offset sans processus ne nécessitent aucun processus de développement chimique et réduisent donc considérablement la consommation de produits chimiques. Ce changement nous a permis non seulement de réduire notre impact sur l'environnement, mais aussi de diminuer notre consommation d'eau et d'énergie.  </span></p>
</li>
</ol>
<div>
<p><span style="color: #000000;">Toutes ces mesures s'inscrivent dans notre volonté de minimiser notre empreinte carbone et de rendre notre activité durable. En mettant en œuvre ces pratiques respectueuses de l'environnement, nous souhaitons assumer notre responsabilité envers l'environnement et contribuer à la protection du climat. </span></p>
</div>
<p>&nbsp;</p>
</div></div></div></div></div><div class="et_pb_section_2 et_pb_section et_section_regular et_block_section preset--module--divi-section--default"></div><div class="et_pb_section_3 et_pb_section et_section_regular et_block_section preset--module--divi-section--default"><div class="et_pb_row_2 et_pb_row et_block_row"><div class="et_pb_column_2 et_pb_column et_pb_column_4_4 et-last-child et_block_column et_pb_css_mix_blend_mode_passthrough"><div class="et_pb_text_1 et_pb_text et_pb_bg_layout_dark et_pb_module et_block_module"><div class="et_pb_text_inner"><h3>Ce que disent nos clients</h3>
</div></div><div class="et_pb_testimonial_0 et_pb_testimonial et_pb_testimonial_no_image et_pb_bg_layout_dark et_pb_module et_block_module ally-testimonial"><div class="et_pb_testimonial_inner"><div class="et_pb_testimonial_description"><div class="et_pb_testimonial_description_inner"><div class="et_pb_testimonial_content"><p><span>"Nous avons toujours eu l'impression d'être des clients d'Hubert von Carnap et nous en sommes très heureux. Au cours de l'année 2014, nous sommes passés à des commandes sur appel sans commande. Le réapprovisionnement est géré par Hubert von Carnap et cela fonctionne parfaitement ! En fin de compte, nous n'entrons en contact que lorsque quelque chose ne fonctionne pas, ce qui n'est carrément pas le cas".   </span></p>
</div></div><div class="et_pb_testimonial_meta"></div></div></div></div></div></div></div><div class="et_pb_section_4 et_pb_section et_section_regular et_block_section preset--module--divi-section--default"><div class="et_pb_row_3 et_pb_row et_block_row"><div class="et_pb_column_3 et_pb_column et_pb_column_4_4 et-last-child et_block_column et_pb_css_mix_blend_mode_passthrough"><div class="et_pb_text_2 et_pb_text et_pb_bg_layout_light et_pb_module et_block_module et_pb_text_align_center"><div class="et_pb_text_inner"><h3>Vous avez besoin d'un nouvel emballage ?</h3>
<p><strong class="ally-lines">Parlez-nous</strong></p>
</div></div><div class="et_pb_module et_pb_button_module_wrapper et_pb_button_0_wrapper"><a class="et_pb_button_0 et_pb_button et_pb_bg_layout_light et_pb_module et_block_module" href="https://www.hvc.de/kontakt/anfrage/">Contact</a></div></div></div></div>

Durabilité dans l'ensemble de la production

Nous utilisons principalement des matériaux recyclés et veillons à ce que nos produits et processus soient respectueux de l'environnement.
